{"id":184,"date":"2021-04-29T13:52:23","date_gmt":"2021-04-29T13:52:23","guid":{"rendered":"https:\/\/whisperingdoors.com\/store\/?post_type=product&#038;p=184"},"modified":"2024-11-22T09:16:38","modified_gmt":"2024-11-22T09:16:38","slug":"les-peuples-oublies-les-2-tomes-brigitte-verguet","status":"publish","type":"product","link":"https:\/\/whisperingdoors.com\/store\/product\/les-peuples-oublies-les-2-tomes-brigitte-verguet\/","title":{"rendered":"Les Peuples Oubli\u00e9s (Les 2 Tomes) &#8211; Brigitte Verguet"},"content":{"rendered":"<p><strong>About the author<\/strong><\/p>\n<p>Elaine Dahl was born somewhere many years ago. She lives far from the city in a place that fills her imagination.<br \/>\nAt a young age, Elaine devours all kinds of novels when she discovers her favorite genres: fantasy literature and science fiction. She enters the world of fantasy with &#8220;The Lord of the Rings&#8221; by JRR Tolkien. A door opened itself, it will never be closed &#8230;<br \/>\nHowever, reading is not writing. And it wasn&#8217;t until years later that Elaine decided to enroll in a writing workshop. From then on, she composed poems that she brought together in a collection: &#8220;Au fil des saisons et du temps&#8221; (\u00c9dilivre, 2013). She writes short stories, one of which is selected and appears in a Quebec fanzine: &#8220;Mortelle angoisse&#8221; (Horrifique n \u00b0 89, 2013). She published her first fantasy novel: &#8220;Les Peuples Oubli\u00e9s&#8221; (Les \u00c9ditions Numeriklivres, 2016).<\/p>\n<p>&nbsp;<\/p>\n","protected":false},"excerpt":{"rendered":"<p>Argynis s\u2019est \u00e9vad\u00e9 des mines du roi Wilhem, o\u00f9 les elfes croupissent depuis de longues ann\u00e9es, dans l\u2019indiff\u00e9rence g\u00e9n\u00e9rale. Sa mission : chercher du secours aupr\u00e8s des elfes libres et du peuple ail\u00e9, les Ikoras \u2015 car, d\u2019apr\u00e8s une proph\u00e9tie, une des leurs les sauvera.<\/p>\n<p>Alors qu\u2019il se r\u00e9fugie dans une auberge, il fait la connaissance de Gildwin. Le nain conte des histoires que les hommes qualifient de l\u00e9gendes, mais dont il affirme la v\u00e9racit\u00e9. Ainsi, assure-t-il que les Ikoras ont bel et bien exist\u00e9, m\u00eame s\u2019ils ne sont probablement plus de ce monde. Un doute subsiste toutefois, puisque nul ne sait ce qu\u2019est devenue la jeune El\u00e9a. \u00c0 part, peut-\u00eatre, Arzhael, le vieil enchanteur qui habite sur la montagne de Glace\u2026<\/p>\n<p><em>\u00a0<\/em><\/p>\n","protected":false},"featured_media":185,"comment_status":"open","ping_status":"closed","template":"","meta":[],"_links":{"self":[{"href":"https:\/\/whisperingdoors.com\/store\/wp-json\/wp\/v2\/product\/184"}],"collection":[{"href":"https:\/\/whisperingdoors.com\/store\/wp-json\/wp\/v2\/product"}],"about":[{"href":"https:\/\/whisperingdoors.com\/store\/wp-json\/wp\/v2\/types\/product"}],"replies":[{"embeddable":true,"href":"https:\/\/whisperingdoors.com\/store\/wp-json\/wp\/v2\/comments?post=184"}],"wp:featuredmedia":[{"embeddable":true,"href":"https:\/\/whisperingdoors.com\/store\/wp-json\/wp\/v2\/media\/185"}],"wp:attachment":[{"href":"https:\/\/whisperingdoors.com\/store\/wp-json\/wp\/v2\/media?parent=184"}],"curies":[{"name":"wp","href":"https:\/\/api.w.org\/{rel}","templated":true}]}}